6?
1
In base 9, what is -73 - 6?
-80
In base 7, what is -5 + -14161?
-14166
In base 14, what is -1 - 8?
-9
In base 6, what is 10 - -215?
225
In base 7, what is -15312 - 5?
-15320
In base 9, what is -5 + -7763?
-7768
In base 7, what is -3 + -3161?
-3164
In base 10, what is 0 - -89?
89
In base 11, what is 4 - -19?
22
In base 7, what is -5163 + 4?
-5156
In base 15, what is 32b - 5?
326
In base 16, what is 6 - -1e?
24
In base 16, what is -19 - -51?
38
In base 4, what is 10210 + 1?
10211
In base 3, what is -10201 + -1122?
-12100
In base 14, what is -3 + -747?
-74a
In base 8, what is -11415 + 1?
-11414
In base 3, what is -1 + -12221?
-12222
In base 6, what is 400 + -10?
350
In base 2, what is -101 - 1100110000?
-1100110101
In base 9, what is -2620 - 0?
-2620
In base 16, what is 6 + 53?
59
In base 5, what is 1102 - 4?
1043
In base 10, what is -756 - 4?
-760
In base 6, what is 51 + 214?
305
In base 6, what is -25 + 15?
-10
In base 12, what is 2 + -1792?
-1790
In base 9, what is -7 - -332?
324
In base 2, what is 10 + 1100?
1110
In base 11, what is -4 - 315?
-319
In base 12, what is -248 + -12?
-25a
In base 3, what is 12 - -22102?
22121
In base 3, what is 120021 - 1211?
111110
In base 13, what is -14 + 1cc?
1b8
In base 13, what is 8c2 + -1a?
8a5
In base 2, what is 11001110 - 10?
11001100
In base 13, what is 5 - 39?
-34
In base 15, what is 2 + 318?
31a
In base 7, what is -163 - 2?
-165
In base 5, what is 143 - 4?
134
In base 15, what is 5cc5 + -5?
5cc0
In base 14, what is -5 - 48?
-4d
In base 2, what is 1000 + -1010011110?
-1010010110
In base 10, what is 2 - 69?
-67
In base 12, what is -26b0 - 1?
-26b1
In base 14, what is 0 - d?
-d
In base 14, what is -4 - 13?
-17
In base 8, what is -572 - 10?
-602
In base 10, what is -2 - -150?
148
In base 7, what is 500 - 136?
331
In base 15, what is -53 - 1?
-54
In base 16, what is 8 + -e?
-6
In base 5, what is 121 + -2302?
-2131
In base 11, what is -2 + 10a9?
10a7
In base 15, what is -5 + 277?
272
In base 6, what is 3 + -332?
-325
In base 15, what is -713e + -1?
-7140
In base 11, what is -2 - 10?
-12
In base 13, what is 1c - 5?
17
In base 5, what is 1310 - -4?
1314
In base 4, what is -10001 + -3?
-10010
In base 5, what is 2 + 44100?
44102
In base 14, what is -51 + -1a?
-6b
In base 2, what is 10111 + -100100?
-1101
In base 16, what is bbf + -3?
bbc
In base 16, what is -23 - 13?
-36
In base 15, what is c - -12?
1e
In base 3, what is 111010 + -2210?
101100
In base 9, what is 318 - 10?
308
In base 5, what is -4 + -24?
-33
In base 11, what is -1 + 2?
1
In base 5, what is 420 - -4?
424
In base 10, what is -25 - -4?
-21
In base 6, what is 11240 - 3?
11233
In base 5, what is -102 + 23?
-24
In base 6, what is -141 + 221?
40
In base 14, what is 121 + -9?
116
In base 5, what is 2 - -10311?
10313
In base 6, what is 102 + 25?
131
In base 16, what is 7 + -11?
-a
In base 13, what is -1 + 21b6?
21b5
In base 16, what is 1b5 - -1?
1b6
In base 11, what is 196 - 5?
191
In base 12, what is -2946 + 2?
-2944
In base 5, what is 4322 - 23?
4244
In base 5, what is -133 + -1000?
-1133
In base 7, what is 15 - -3?
21
In base 9, what is -164 - 56?
-231
In base 7, what is -1060 - 4?
-1064
In base 8, what is 3 + -7066?
-7063
In base 5, what is -2303 - -4?
-2244
In base 15, what is -2c - -c?
-20
In base 5, what is -3 - 1?
-4
In base 4, what is -20113 + 2?
-20111
In base 5, what is 1111 - -31?
1142
In base 4, what is 0 + -1210?
-1210
In base 2, what is 1111010101 - 1?
1111010100
In base 15, what is 354 + -5?
34e
In base 10, what is 13 + -44?
-31
In base 6, what is 110 + 22?
132
In base 5, what is -1201 - -4?
-1142
In base 10, what is 108 + -4?
104
In base 5, what is -1 + -131?
-132
In base 2, what is 1000110101 + 10111?
1001001100
In base 2, what is 11010101 - -10011?
11101000
In base 2, what is -100 - 100000?
-100100
In base 2, what is 111110 + -10?
111100
In base 2, what is -11000111000 + -100?
-11000111100
In base 11, what is -2 + 24a?
248
In base 12, what is -5 + 168?
163
In base 11, what is -6054 + -1?
-6055
In base 12, what is 246 - 2?
244
In base 14, what is 1164 + 5?
1169
In base 16, what is -364 - 2?
-366
In base 5, what is -443441 - 4?
-444000
In base 12, what is -166 - 11?
-177
In base 16, what is -6e + -89?
-f7
In base 3, what is 20200 - -10?
20210
In base 14, what is 5 - 8?
-3
In base 12, what is 11ba - -9?
1207
In base 14, what is -47 - 3?
-4a
In base 16, what is 3 + -17?
-14
In base 8, what is -3 - -352?
347
In base 7, what is -134 + 3?
-131
In base 6, what is -13 - 2?
-15
In base 12, what is 49 + -6?
43
In base 7, what is -1 + 40?
36
In base 16, what is -2d + -12?
-3f
In base 7, what is -1045 - -5?
-1040
In base 6, what is 11443 - 25?
11414
In base 13, what is -7baa - 0?
-7baa
In base 12, what is -1 + 30?
2b
In base 8, what is -400 - -6?
-372
In base 2, what is -100 + -110010?
-110110
In base 14, what is 282 - -4?
286
In base 14, what is 41 + 7?
48
In base 11, what is -29 + 2?
-27
In base 3, what is 2102 + -20?
2012
In base 4, what is 0 + 133?
133
In base 14, what is -7 + -72?
-79
In base 7, what is 122 + 12?
134
In base 7, what is 4001 + 4?
4005
In base 10, what is -12 + -697?
-709
In base 16, what is 0 + 36?
36
In base 15, what is -15 + -d4?
-e9
In base 15, what is 0 + -1b?
-1b
In base 3, what is -1000 - -11000?
10000
In base 10, what is 149 - 0?
149
In base 11, what is -9 - -6?
-3
In base 6, what is 5 - 20354?
-20345
In base 11, what is 1 + a9?
aa
In base 13, what is -5 - b43?
-b48
In base 11, what is 71 + 2?
73
In base 9, what is -22 + -34?
-56
In base 6, what is 121 + -104?
13
In base 15, what is -e - 3?
-12
In base 13, what is 38 + 3?
3b
In base 8, what is 10 + -13?
-3
In base 2, what is 111 + -110111?
-110000
In base 9, what is -1 + 5?
4
In base 11, what is 2510 + 3?
2513
In base 8, what is -1 - -26?
25
In base 5, what is -1303 - -100?
-1203
In base 15, what is -2 - -197a?
1978
In base 3, what is -111 - 21210?
-22021
In base 9, what is -153 - -151?
-2
In base 5, what is 14423 + -14?
14404
In base 6, what is 5 - -1013?
1022
In base 6, what is 1 + 345?
350
In base 14, what is 4 + 5b?
61
In base 16, what is 374 - 4?
370
In base 13, what is -53 + 6?
-4a
In base 2, what is -1000000 + 10111?
-101001
In base 10, what is -4 - -115?
111
In base 2, what is 100001010 - -11?
100001101
In base 3, what is 12 + -202002?
-201220
In base 4, what is 2112 + -12?
2100
In base 14, what is 14 + -16?
-2
In base 5, what is 40421 - -3?
40424
In base 2, what is -1 - -1011000?
1010111
In base 7, what is -3 - 213?
-216
In base 11, what is -2 - 28?
-2a
In base 14, what is -175 - -1?
-174
In base 11, what is 373 + -2?
371
In base 5, what is -23 + -10?
-33
In base 3, what is 22 + -11?
11
In base 10, what is 3260 - 5?
3255
In base 8, what is -3 - 105?
-110
In base 9, what is 110 - -4?
114
In base 2, what is 1010 + -100011101?
-100010011
In base 16, what is -1 + -13?
-14
In base 14, what is 4 - 83?
-7d
In base 11, what is -a - -8?
-2
In base 3, what is 1 + -1012?
-1011
In base 7, what is 3 + -44?
-41
In base 10, what is 107 - -30?
137
In base 8, what is 324 + -3?
321
In base 14, what is 2 - -93a?
93c
In base 12, what is 5 + 48?
51
In base 7, what is -106 + 3?
-103
In base 11, what is 4 + -344?
-340
In base 3, what is 101102 + 11?
101120
In base 9, what is 3 + 101?
104
In base 7, what is 252 + 1?
253
In base 15, what is -27 - 0?
-27
In base 3, what is -100 - 21?
-121
In base 4, what is 22 - 323?
-301
In base 10, what is 96 + -1?
95
In base 13, what is -1 + 15?
14
In base 6, what is 4102 - 22?
4040
In base 8, what is -6 + -26?
-34
In base 12, what is 1b + 160?
17b
In base 4, what is 32130 + -3?
32121
In base 5, what is 3201 + -1?
3200
In base 5, what is -224 + 2?
-222
In base 8, what is -175 - 5?
-202
In base 9, what is -620 + -7?
-627
In base 5, what is -1 + 4112?
4111
In base 12, what is -4 + -84?
-88
In base 5, what is 1122 - 3?
1114
In base 6, what is -4 + -14353?
-14401
In base 14, what is 160 - -6?
166
In base 15, what is 3 - -63?
66
In base 8, what is -107621 - -2?
-107617
In base 10, what is 168 + 74?
242
In base 7, what is 4400 + -4?
4363
In base 10, what is -1837 - -1?
-1836
In base 16, what is -cb + 3?
-c8
In base 9, what is -2 + -70?
-72
In base 3, what is -100201 + 20?
-100111
In base 6, what is 150 + -34?
112
In base 14, what is -9c + 2?
-9a
I